Convert 15336765 (base 8) to base 5.
1400201122
-2674676 (base 10) to base 8
-12147764
What is 87440 (base 12) in base 7?
1342503
-76746 (base 8) to base 13
-11893
-4341463 (base 7) to base 4
-2001230011
Convert 7b63b6 (base 14) to base 13.
b42a05
-102232032 (base 4) to base 16
-12b8e
Convert 100121011010 (base 3) to base 14.
4cbc6
Convert -77b505 (base 14) to base 2.
-1111100000011001010001
What is -1b1c2d (base 16) in base 9?
-3307134
-1be2b7 (base 15) to base 4
-11031002122
What is 10b435 (base 12) in base 15?
54822
What is -1000001100101000100 (base 2) in base 16?
-41944
What is -160476b (base 12) in base 16?
-447743
What is 1552900 (base 10) in base 11?
970798
What is 20606204 (base 8) in base 12?
157aa84
4245616 (base 9) to base 15
2edcbc
Convert 22540432 (base 6) to base 13.
1b5591
What is 374143 (base 8) in base 9?
216110
What is 2202110212002 (base 3) in base 11?
9113a9
Convert -112100102221 (base 3) to base 11.
-183229
-11112022201 (base 3) to base 6
-1524501
-125507 (base 15) to base 4
-3112200220
10002100 (base 5) to base 7
444400
116413 (base 11) to base 16
2cf70
What is 12220100012100 (base 3) in base 13?
85a700
bd3935 (base 14) to base 3
110002110011001
What is 939e22 (base 15) in base 8?
32616437
What is -873082 (base 9) in base 6?
-15054032
Convert 3dc53 (base 14) to base 12.
748a9
-6667 (base 10) to base 5
-203132
-28a44 (base 16) to base 5
-20311333
Convert 1041255 (base 7) to base 8.
371366
Convert 29163b (base 13) to base 12.
404468
What is -6302101 (base 8) in base 4?
-12120101001
-2610274 (base 9) to base 10
-1423966
What is 17572023 (base 9) in base 8?
41574613
Convert -581469 (base 10) to base 15.
-b7449
Convert -156753 (base 8) to base 2.
-1101110111101011
-476314 (base 8) to base 16
-27ccc
Convert -1411364 (base 8) to base 13.
-10c258
Convert 863da9 (base 14) to base 8.
21253021
11130116 (base 7) to base 12
3a6728
What is 42225120 (base 6) in base 12?
4b51a0
What is 1012122 (base 4) in base 6?
32510
Convert 99c76 (base 13) to base 6.
5551231
-14400430 (base 5) to base 12
-74820
Convert -135a73 (base 12) to base 3.
-121022121120
What is -200312200032 (base 4) in base 9?
-17175216
1100110110010100 (base 2) to base 10
52628
What is -10110111010010011001011 (base 2) in base 4?
-112322103023
Convert 1011226 (base 7) to base 5.
12324021
Convert -1861a13 (base 11) to base 2.
-1100000001001000100010
209b57 (base 13) to base 5
143424130
What is d1b26 (base 14) in base 4?
1323020112
Convert 121000032 (base 4) to base 8.
310016
Convert -122257 (base 9) to base 13.
-277c3
Convert 4263263 (base 7) to base 2.
1111110111001101100
Convert 102194 (base 13) to base 14.
9b037
34165563 (base 8) to base 7
116621145
What is 1553312 (base 6) in base 11?
63786
Convert -5bb7 (base 13) to base 15.
-3cb4
114d8 (base 14) to base 10
42134
Convert -130233132211 (base 4) to base 16.
-72f7a5
Convert 1101221100122 (base 3) to base 16.
b6504
2101110 (base 5) to base 10
34530
What is 1215408 (base 10) in base 4?
10220232300
What is 537545 (base 8) in base 3?
100011000020
What is 10200133111 (base 4) in base 12?
48b9b1
What is 1001112012 (base 3) in base 5?
1131140
What is c5bc92 (base 14) in base 12?
22a0b48
What is -24340170 (base 8) in base 7?
-63353040
Convert -1012012011 (base 3) to base 7.
-125263
Convert 272c9 (base 13) to base 15.
1696e
Convert 1010110011110010001111 (base 2) to base 6.
140422143
Convert 6231034 (base 8) to base 7.
20015035
Convert 123be7b (base 15) to base 11.
7439503
What is 147033 (base 10) in base 8?
437131
-32e4a (base 15) to base 8
-474065
What is 101111001100011000111 (base 2) in base 3?
2220120022112
What is -130202031311 (base 4) in base 12?
-2608985
What is 11010110100110 (base 2) in base 16?
35a6
Convert 12213301213 (base 4) to base 12.
6b8607
Convert -100122020211 (base 3) to base 11.
-11a5a7
What is -121153 (base 7) in base 13?
-a054
237340 (base 8) to base 15
192c2
What is 6a485 (base 11) in base 2?
11000110101100101
31400313 (base 5) to base 8
1000667
What is -1110100012 (base 4) in base 6?
-11221354
66683 (base 15) to base 4
1033131201
Convert -43cc (base 16) to base 9.
-25724
Convert -7375 (base 9) to base 13.
-2606
Convert -962395 (base 15) to base 5.
-3312130230
-1368a21 (base 11) to base 14
-454065
What is 101221011121 (base 3) in base 7?
1554226
What is -1485283 (base 9) in base 6?
-25354503
What is 351488 (base 9) in base 14?
56cd7
Convert dd14 (base 14) to base 3.
1221110020
10001000010011000011 (base 2) to base 11
351493
Convert -13203033 (base 5) to base 13.
-47bc5
What is 4312330 (base 5) in base 8?
216210
59685 (base 16) to base 7
3053451
1e5d9f (base 16) to base 13
548a57
Convert 144426 (base 10) to base 11.
99567
Convert 220224132 (base 6) to base 16.
3c1778
What is 2006a8 (base 13) in base 3?
1101210012212
What is -33485 (base 12) in base 11?
-47161
Convert 53214e (base 16) to base 5.
2343314024
10001111000001100 (base 2) to base 7
423331
Convert 7537550 (base 10) to base 12.
2636012
What is -128618 (base 13) in base 16?
-6d232
Convert 189ac (base 14) to base 6.
1200204
3173ba (base 12) to base 16
be67e
-36772 (base 11) to base 15
-109c5
What is 26577321 (base 9) in base 12?
4479801
What is 41a93 (base 13) in base 12?
58523
Convert -338066 (base 9) to base 15.
-400ec
What is -1dc86b (base 16) in base 11?
-1113500
What is 12100010012101 (base 3) in base 14?
53bac4
Convert 5a2d (base 15) to base 16.
4ae0
What is -1243103 (base 12) in base 8?
-15500323
-6ca7c4 (base 15) to base 3
-100210011001011
What is -3137434 (base 8) in base 6?
-25523220
22221101233 (base 4) to base 13
7691b9
What is -41c762 (base 13) in base 10?
-1541360
What is 339400 (base 10) in base 9?
566511
Convert 13145b (base 15) to base 4.
3133202123
Convert 230012002200 (base 4) to base 2.
101100000110000010100000
What is 303601 (base 9) in base 12?
88091
-25141444 (base 6) to base 10
-806500
What is -110221300 (base 5) in base 9?
-805508
1499452 (base 12) to base 6
225402542
Convert -11001110001001100000 (base 2) to base 13.
-237448
Convert 142332411 (base 7) to base 4.
203223121101
Convert -2000200201101 (base 3) to base 6.
-35023531
3034103 (base 11) to base 9
11075080
-27210 (base 12) to base 10
-53868
Convert -10b4214 (base 12) to base 16.
-312730
-23665553 (base 7) to base 14
-3d1863
33d813 (base 14) to base 6
101503453
What is 11164112 (base 7) in base 9?
1743758
Convert 11101101001110111101 (base 2) to base 15.
142da9
Convert -476880 (base 13) to base 15.
-23895c
Convert 1200831 (base 9) to base 10.
650215
What is -43066356 (base 7) in base 2?
-1101111110011110011011
10001111110110101 (base 2) to base 10
73653
What is -2b8b885 (base 12) in base 9?
-17657012
-2673534 (base 9) to base 10
-1465726
What is 33330103101 (base 4) in base 6?
225323533
What is 201022112222 (base 3) in base 14?
9c7c1
What is 10010110010100011001 (base 2) in base 13?
18732c
20112000012 (base 3) to base 5
13101214
167935 (base 14) to base 15
108d29
Convert 498851 (base 11) to base 15.
10859a
What is 13514646 (base 7) in base 14?
24cc26
-32212013 (base 4) to base 13
-21299
-20666 (base 13) to base 10
-58220
Convert 15453242 (base 6) to base 11.
347426
What is -110011011100000101 (base 2) in base 13?
-74b92
What is -11001101111100100000 (base 2) in base 14?
-17d5ba
-15862113 (base 9) to base 10
-7953483
Convert -a95502 (base 14) to base 7.
-66530602
-3104b2 (base 12) to base 13
-20b706
31080036 (base 9) to base 8
70755605
-1585a5 (base 11) to base 10
-245624
What is 1d578d (base 14) in base 7?
11642236
What is 24a86 (base 11) in base 10?
35910
120312 (base 15) to base 16
d2485
What is -37ca64 (base 14) in base 8?
-7240660
What is 1100111110100001 (base 2) in base 16?
cfa1
-11100012222101 (base 3) to base 5
-1042313033
What is -2310021 (base 6) in base 10?
-117949
578662 (base 9) to base 5
42110141
ac08a2 (base 15) to base 9
16382608
What is -1340426 (base 12) in base 16?
-3a3a5e
99081 (base 12) to base 2
110001011000100001
1d21be (base 15) to base 11
893400
Convert 1340417 (base 11) to base 6.
121331540
What is -1251aa (base 14) in base 12?
-263a16
-cc406c (base 13) to base 5
-2212312001
Convert 3c1a69 (base 15) to base 8.
13017125
11110101100010111010 (base 2) to base 12
40604a
What is 11021002201001 (base 3) in base 5?
1034444032
-db29b (base 15) to b